 - 175. Give b(-128).
-47
Let j(v) = -200*v + 60. Give j(2).
-340
Let o(g) = -9*g + 234. Determine o(24).
18
Let t(j) = 51*j + 138. Determine t(-6).
-168
Let p(v) = -2*v**3 - 28*v**2 + 10*v - 114. Determine p(-14).
-254
Let m(j) = -154*j**3 - 4*j**2 + 6*j - 1. Give m(1).
-153
Let k(t) = -8*t**2 + 362*t - 4041. What is k(25)?
9
Let n(l) = 9*l**2 + 57*l + 8. What is n(-10)?
338
Let v(d) = -3*d**3 - 20*d**2 - 18*d - 30. Give v(-4).
-86
Let z(g) = -g**3 + 35*g**2 - 36*g - 116. Give z(34).
-184
Let r(x) = x**3 - 15*x**2 + 48*x - 25. Give r(7).
-81
Let r(h) = h**3 - 6*h**2 - 13*h + 33. What is r(6)?
-45
Let w(o) = 113*o - 20. Calculate w(-2).
-246
Let m(l) = 15*l**2 - 86*l - 175. Give m(-2).
57
Let m(v) = -16*v**2 - 5*v + 426. Determine m(5).
1
Let a(w) = -w**3 + 5*w**2 - 17*w - 13. Calculate a(5).
-98
Let d(n) = 9*n**2 - 179*n + 27. Give d(19).
-125
Let o(p) = -p**3 - 7*p - 41. Calculate o(-3).
7
Let g(i) = -i**2 + 19*i + 44. Calculate g(25).
-106
Let f(i) = -i**3 + 16*i**2 - 12*i - 41. Give f(15).
4
Let p(k) = -5*k**2 + 274*k + 77. What is p(55)?
22
Let m(l) = 3*l**3 + 18*l**2 + 32*l + 2. Determine m(-2).
-14
Let w(l) = -57*l - 4007. Calculate w(-72).
97
Let n(o) = 6*o**3 + 64*o**2 + 36*o - 35. Calculate n(-10).
5
Let s(f) = 67*f - 1083. Calculate s(16).
-11
Let h(l) = -8*l + 234. What is h(26)?
26
Let v(s) = -s**3 + 22*s**2 + 4*s - 22. Determine v(21).
503
Let v(l) = -127*l + 2919. Calculate v(23).
-2
Let s(y) = 12*y**2 + 183*y + 3. Give s(-16).
147
Let s(h) = -h**3 + 23*h - 50. What is s(4)?
-22
Let j(m) = -m**2 + 15*m + 489. Give j(-16).
-7
Let o(k) = 3*k**3 + 3*k**2 - 35*k + 48. Determine o(2).
14
Let n(f) = 26*f - 2212. Give n(76).
-236
Let c(x) = x**2 - 60*x + 907. What is c(35)?
32
Let q(p) = -p**2 - 899*p - 43246. Calculate q(-51).
2
Let i(m) = -186*m - 34049. What is i(-183)?
-11
Let p(b) = -33*b**2 - 14*b - 14. Determine p(3).
-353
Let x(p) = 983*p - 73736. Give x(75).
-11
Let i(m) = m**3 - 10*m**2 + 30*m - 115. Give i(8).
-3
Let r(j) = -3*j**2 - 46*j - 159. Calculate r(-9).
12
Let s(q) = q**2 - 44*q - 169. Calculate s(46).
-77
Let j(k) = k**3 + 3*k**2 - 460*k + 40. Calculate j(20).
40
Let r(k) = -k**3 + 23*k**2 + 2*k - 74. Give r(23).
-28
Let o(m) = m**3 + 24*m**2 - 50*m - 64. Give o(-26).
-116
Let q(y) = -2*y**2 - 283*y + 3690. Determine q(12).
6
Let y(l) = l**3 + 28*l**2 - 7*l + 59. Give y(-28).
255
Let u(a) = -252*a - 1879. Give u(-7).
-115
Let h(c) = 11*c + 265. Calculate h(-29).
-54
Let q(h) = -6*h**2 - 1276*h + 1276. Determine q(1).
-6
Let l(w) = 24*w**2 + 13*w - 27. What is l(-4)?
305
Let g(f) = -15*f - 69. Give g(-6).
21
Let l(o) = o**3 + 59*o**2 + 10*o + 612. Give l(-59).
22
Let l(d) = -9*d**2 + 94*d - 36. Determine l(9).
81
Let x(o) = -7*o + 17. Determine x(6).
-25
Let h(u) = 65*u - 624. What is h(11)?
91
Let o(y) = y**3 - 15*y**2 + 18*y + 12. Calculate o(12).
-204
Let f(j) = -14*j**2 + 13*j. Determine f(1).
-1
Let r(k) = 2*k**2 - 478*k - 1898. Calculate r(-4).
46
Let t(u) = -3*u**3 + 477*u**2 + 2*u - 328. Determine t(159).
-10
Let x(o) = -o**2 + 62*o - 956. Calculate x(35).
-11
Let x(a) = a**2 - 37*a - 6679. Calculate x(-64).
-215
Let o(d) = -26*d + 222. What is o(12)?
-90
Let t(z) = z**3 + 95*z**2 + 719*z + 2000. Give t(-87).
-1
Let z(d) = 492*d - 26064. Give z(53).
12
Let j(d) = -155*d + 801. Determine j(10).
-749
Let q(t) = t**3 - 16*t**2 + 20*t - 8. Determine q(15).
67
Let g(q) = q**3 + 10*q**2 + 41. What is g(-10)?
41
Let n(a) = a**2 - 78*a + 927. What is n(62)?
-65
Let l(p) = 1788*p + 19655. Determine l(-11).
-13
Let a(d) = -14*d**2 + 388*d - 640. What is a(26)?
-16
Let j(b) = b**3 + 44*b**2 - 29*b - 1276. Give j(-44).
0
Let m(f) = -241*f + 2875. Determine m(12).
-17
Let y(b) = -1705*b - 17046. Give y(-10).
4
Let m(j) = 5*j**2 - 31*j - 181. Calculate m(10).
9
Let n(a) = -16*a**2 - 39*a - 12. Give n(-6).
-354
Let o(q) = -5*q + 66. Calculate o(9).
21
Let u(l) = 2*l**3 - 5*l**2 - 34*l + 40. Calculate u(5).
-5
Let d(g) = -137*g - 70. What is d(-2)?
204
Let f(q) = -q**2 - 78*q - 1019. Give f(-64).
-123
Let q(h) = -2*h**3 + 93*h**2 + 53*h - 232. Calculate q(47).
50
Let m(x) = x**2 - 26*x + 176. Give m(15).
11
Let u(k) = k**3 - 54*k + 86. Determine u(-8).
6
Let y(t) = -155*t - 8508. What is y(-55)?
17
Let m(h) = h**3 - 16*h**2 - 21*h + 36. Determine m(17).
-32
Let g(u) = -u**2 - 187*u - 5319. What is g(-152)?
1
Let r(d) = -d**3 - 43*d**2 + 47*d + 141. Calculate r(-44).
9
Let l(r) = -3*r**3 - 132*r**2 - r - 179. Give l(-44).
-135
Let f(b) = -3*b**3 - 24*b**2 - 11*b - 9. Determine f(-4).
-157
Let a(s) = 65*s + 346. Determine a(-6).
-44
Let s(j) = 3*j**2 - 26*j - 51. Determine s(10).
-11
Let d(i) = 143*i - 9168. Determine d(64).
-16
Let h(x) = x**3 - 121*x**2 + 139*x - 2299. Give h(120).
-19
Let o(k) = -k**3 - 66*k + 25. Calculate o(-7).
830
Let c(n) = -23*n + 249. Give c(10).
19
Let j(i) = -2*i**3 + 74*i**2 - 138*i - 64. Calculate j(35).
6
Let t(j) = -250*j + 1268. What is t(5)?
18
Let o(d) = -18*d**3 - 262*d**2 - 140*d + 11. Calculate o(-14).
11
Let h(b) = -8*b**2 + 288*b - 549. Determine h(34).
-5
Let u(b) = -27*b - 694. Calculate u(-25).
-19
Let v(c) = c**3 - 13*c**2 - 16*c + 121. Determine v(13).
-87
Let v(s) = -348*s - 6601. Determine v(-19).
11
Let i(l) = l**2 - 35*l - 2133. Calculate i(67).
11
Let c(x) = 2*x**2 - 1047*x + 1045. Determine c(1).
0
Let q(f) = -f**3 - 6*f**2 + 67*f - 39. Determine q(-12).
21
Let f(j) = -j**3 + 7*j**2 - 9*j. Give f(7).
-63
Let y(x) = x**3 + 4*x**2 + 15*x + 43. Determine y(-3).
7
Let c(l) = 2*l**3 - 8*l**2 - 108*l + 157. Give c(9).
-5
Let d(g) = 23*g - 32. What is d(-4)?
-124
Let l(g) = -179*g - 50. What is l(-2)?
308
Let m(f) = -f**3 + 8*f**2 - 7*f - 2. Calculate m(2).
8
Let h(z) = -7*z**2 + 330*z - 2226. What is h(39)?
-3
Let h(r) = 2*r**2 - 1037*r - 3136. Determine h(-3).
-7
Let m(d) = -98*d + 1301. Calculate m(13).
27
Let r(i) = -i**2 - 18*i + 46. Give r(-22).
-42
Let z(a) = 14*a - 440. What is z(32)?
8
Let b(h) = 103*h - 70. What is b(0)?
-70
Let q(i) = -i**3 + 117*i**2 - 16*i + 1852. What is q(117)?
-20
Let g(u) = -7*u - 182. What is g(0)?
-182
Let x(q) = 19*q - 384. What is x(20)?
-4
Let x(c) = c**3 - 11*c**2 + 16*c + 21. Calculate x(9).
3
Let l(c) = 2801*c + 2644. Determine l(-1).
-157
Let y(i) = -22*i**2 + 187*i - 372. Calculate y(3).
-9
Let y(v) = -3*v**2 - 182*v - 2606. What is y(-23)?
-7
Let t(s) = -1058*s + 17989. Calculate t(17).
3
Let z(g) = g**3 + 16*g**2 - 132*g - 20. Give z(-22).
-20
Let k(v) = -170*v - 2377. Calculate k(-14).
3
Let y(a) = -a**2 + 185*a + 2355. What is y(-12)?
-9
Let k(l) = l**3 + 3*l**2 + 12*l + 30. Determine k(-4).
-34
Let v(t) = -89*t - 827. Determine v(-10).
63
Let j(v) = -v**2 - 22*v - 58. What is j(-21)?
-37
Let s(u) = -1101*u - 2180. Determine s(-2).
22
Let v(b) = -b**2 - 30871*b - 277760. What is v(-9)?
-2
Let l(k) = 3*k**3 - 4*k**2 - 11*k + 2. What is l(3)?
14
Let t(a) = -20*a - 33. Determine t(5).
-133
Let m(z) = z**3 + 49*z**2 - 496*z + 723. Determine m(7).
-5
Let a(w) = 84*w - 4202. Calculate a(50).
-2
Let w(y) = 132*y**3 + y**2 + 28*y - 28. Calculate w(1).
133
Let i(a) = 7*a**2 + 124*a + 727. Calculate i(-6).
235
Let t(g) = -10032*g - 60165. What is t(-6)?
27
Let t(d) = -133*d + 69. Determine t(2).
-197
Let u(b) = 36*b**2 + 706*b - 182. What is u(-20)?
98
Let a(k) = 5*k + 30. Calculate a(10).
80
Let k(u) = -56*u - 564. Determine k(-10).
-4
Let n(x) = -20*x + 216. What is n(-3)?
276
Let t(s) = s**3 - 17*s**2 + 42*s + 36. Calculate t(15).
216
Let u(i) = -8*i**2 - 3*i + 8. What is u(-5)?
-177
Let c(p) = 75*p - 238. Calculate c(4).
62
Let t(u) = u**3 - 6*u**2 - 53*u + 412. Determine t(8).
116
Let w(x) = 4*x**3 + 121*x**2 + 28*x - 55. Calculate w(-30).
5
Let h(c) = -87*c - 1616. What is h(-19)?
37
Let g(v) = -3*v**3 + 52*v**2 - 177*v + 94. Determine g(13).
-10
Let i(l) = l**3 + 49*l**2 - 156*l - 17. Determine i(-52).
-17
Let u(n) = -98*n - 693. Calculate u(-8).
91
Let b(g) = 2*g**2 + 81*g - 673. Determine b(7).
-8
Let f(a) = 4*a**2 - 57*a - 37. Calculate f(15).
8
Let i(a) = 3056*a - 14. Give i(0).
-14
Let v(z) = -16*z + 1442. What is v(91)?
-14
Let h(m) = -12*m + 1601. Give h(91).
509
Let o(l) = 8*l + 44. Calculate o(-20).
-116
Let q(p) = 602*p + 22291. Determine q(-37).
17
Let t(u) = 627*u + 25071. What is t(-40)?
-9
Let l(g) = 12*g**3 - 58*g**2 